t t(m) = -m**2 - 2*m + 10. Let k be t(-5). What are the prime factors of o(k)?
3
Suppose 0 = -4*p + 2 + 2. Let j be 2 - (1 - p/1). Let k = 4 - j. What are the prime factors of k?
2
Let w be (-2 + 4)*(-564)/(-8). Let x = 101 - w. Let l = -27 - x. List the prime factors of l.
13
Suppose 2*n + 2*p + 6 = 0, 5*n - 3*p = p + 30. Let t be (-5)/(-1 + (-8)/(-10)). Suppose -7*i + t = -n*i. What are the prime factors of i?
5
Let y = -4 - -9. Let a(b) = y + 2*b - 2 + b. What are the prime factors of a(3)?
2, 3
Suppose 5*v = -k + 7, -3*k + k + 5*v = 1. Suppose i - 13 = -k*q, -i - 2 = -7. What are the prime factors of q?
2
Let h be (-1 - 1/5)*-5. Let n be (-70)/h + 2/(-6). Let r = n + 22. What are the prime factors of r?
2, 5
Let y = 89 + -56. Let o = 38 - 61. Let m = y + o. What are the prime factors of m?
2, 5
Suppose 5*r + 264 = 2*n - n, 4*n = 3*r + 988. What are the prime factors of n?
2, 61
Suppose 2*x + 0*x - 8 = 0, 3*q - 20 = -5*x. Let s(o) = o**3 - o**2 - o + 17. What are the prime factors of s(q)?
17
Suppose -17*s + 24*s = 700. List the prime factors of s.
2, 5
Let t be -3*(4/(-6) - -2). Let w = 17 + t. What are the prime factors of w?
13
Let l(y) = -y + 4. Let k be l(0). Suppose 5*i - k*w - 74 = 0, 0*i + i = w + 15. List the prime factors of i.
2, 7
Let n(y) = 2*y**2 + 16*y - 7. What are the prime factors of n(8)?
3, 83
Let m(d) = 2*d**2 + 11*d + 6. Let l be m(-8). Suppose -l = -4*o + 26. List the prime factors of o.
2, 3
Let h(s) = 10*s**2 - 3. List the prime factors of h(5).
13, 19
Suppose 8*b - 3*b = -130. List the prime factors of b/(-10) + (-2)/(-5).
3
Let r(u) = -u**3 - 8*u**2 + 10*u + 12. Let p be r(-9). Suppose 3*v + p = 36. What are the prime factors of v?
11
Suppose -63 = -2*i - 4*x + 81, 0 = 2*i - 2*x - 162. List the prime factors of i.
2, 3, 13
Let l(s) = -4*s**2 + 2*s**2 + s - 4 + 0*s**2 + 3*s**2. What are the prime factors of l(3)?
2
What are the prime factors of ((0 - 1) + -1)*(-165)/6?
5, 11
Suppose -132 = -6*q + 2*q. Suppose -q = a - 4*a. List the prime factors of a.
11
Suppose 0 = 2*f - 6, -246 + 66 = -5*t - 5*f. List the prime factors of t.
3, 11
Let a = -42 - -89. Suppose a = 5*f + z, -f + 5*z + 3 = 4. List the prime factors of f.
3
Suppose 6*j - 8*j = -530. List the prime factors of j.
5, 53
What are the prime factors of 97/9 + 12/54?
11
Let f = -4 + 4. Let n = 5 + f. What are the prime factors of n?
5
Let c(r) = -r**3 - r + 7. What are the prime factors of c(-3)?
37
Let k(r) = r + 6. Suppose -2*t + 2 = 2*l + 8, -3*l - 11 = t. Let w = 1 - t. What are the prime factors of k(w)?
2, 3
Let z = 260 + -157. What are the prime factors of z?
103
What are the prime factors of (-1032)/(-27) + (-2)/9?
2, 19
Let x = 6 - -25. Suppose x = b - 3*y, 0 = 5*b + y - 74 - 33. Let d = 34 - b. What are the prime factors of d?
2, 3
Suppose -3*t = -22 - 20. List the prime factors of t.
2, 7
Suppose 4*a = -f - a + 107, -2*a - 538 = -4*f. Let s = f - 93. List the prime factors of s.
3, 13
What are the prime factors of (-14)/(-14) - (-1 - 4)?
2, 3
Suppose 5*n - 2*l = 16, 3*l = 5 + 1. List the prime factors of n/(-6) - (-161)/21.
7
Let x(q) = q**3 + 5*q**2 - 8*q + 2. Suppose 4*o - 2*f + 24 = 0, 3*o - 3*f = -o - 24. List the prime factors of x(o).
2, 7
Let b(m) = -7 + 1 + m - 4 + 2. List the prime factors of b(13).
5
Let f = 53 + -31. List the prime factors of (-2)/10 - f/(-10).
2
Let h(l) = -16*l + 1 + 3 + 3. Let q(m) = 17*m - 8. Let r(z) = -5*h(z) - 4*q(z). What are the prime factors of r(2)?
3, 7
Let d be (0/(-1))/(-4 - -2). Let g = d - 1. List the prime factors of -3*(-3 + 1 + g).
3
Suppose -30 = 3*x - 6*x. Suppose x = 2*a + 3*a. Suppose a*z = -4 + 10. What are the prime factors of z?
3
Let a be (5/15)/((-1)/(-15)). Suppose -2*w - a = 1. List the prime factors of (13 + 2)/(w/(-2)).
2, 5
Let j = -17 - -24. List the prime factors of j.
7
Suppose 4 = -4*s, -h + 27 = 4*h - 2*s. List the prime factors of h.
5
Suppose -20*w - 40 = -21*w. List the prime factors of w.
2, 5
Suppose 7*m - 3*m - 24 = 0. Suppose -3*y + 4*a = 2*y + 26, -2*a + m = y. What are the prime factors of 18 + (-4)/2 + y?
2, 7
Let j(u) = u**3 + 4*u**2 + u - 2. Let h be j(-4). Let g be h/4*8/6. Let n = 4 + g. List the prime factors of n.
2
Let x(f) be the third derivative of -f**6/720 + 3*f**5/20 - f**4/6 + f**2. Let r(l) be the second derivative of x(l). List the prime factors of r(0).
2, 3
Let d(j) = 2*j**3 - j**2 - 2*j + 6. What are the prime factors of d(3)?
3, 5
Suppose 2*b - 27 = 5*b. Let x(i) = i**3 + 8*i**2 - 10*i + 7. What are the prime factors of x(b)?
2
Suppose -5*b - 4*s - 18 = -s, 22 = -3*b + s. List the prime factors of (-20)/((-1)/(-4 - b)).
2, 5
Let k(z) = z**2 + 13*z - 15. List the prime factors of k(9).
3, 61
Suppose -2*q = 3*q - 30. Suppose 2*h = h + q. List the prime factors of h.
2, 3
Suppose 3*a - 39 = -0*a. List the prime factors of a.
13
Suppose -3*o - 18 = -5*f - 0*o, 6 = 3*f + 3*o. Suppose 2*w = w - f. Let c(m) = m + 7. List the prime factors of c(w).
2
Let j = 205 - 144. List the prime factors of j.
61
Suppose -1 = 3*q - 4, -42 = 5*i - 2*q. Let a(m) = -m - 6. What are the prime factors of a(i)?
2
Let h(x) = x**2 - 9*x - 9. Let s be h(10). Let b = s + 4. List the prime factors of b.
5
Suppose 6*g - 3*g + 12 = 0. Let r = g + 7. Let m = r - -2. List the prime factors of m.
5
Suppose 110 = 2*s + 3*s. Suppose d = 1, -101 = -4*a + d - s. List the prime factors of a.
2, 5
Suppose y - 4*g = g + 43, 4*y - 96 = g. What are the prime factors of y?
23
Let z = 9 + 43. List the prime factors of z.
2, 13
Suppose -5*f = -2*d + 25, 3*f = d + 2 - 14. Let r = -4 + d. List the prime factors of r.
11
Let u(d) = 3*d**2 - 4 + 0 + 9*d**2 + 5. What are the prime factors of u(-1)?
13
List the prime factors of (-2958)/(-54) - (-4)/18.
5, 11
Let p = 7 - 4. List the prime factors of 84/(-9)*p/(-2).
2, 7
Suppose -13*z + 9*z = -20. Suppose -25 = -z*a + 40. What are the prime factors of a?
13
Let m = 3 - -3. Suppose -m*d + 55 = -d. What are the prime factors of d?
11
Let w be 43/(-4) + (-2)/8. Let r = 20 + w. Suppose m - r = -q, -q - 12 = -m - 5*q. List the prime factors of m.
2
Let a(f) = -f**2 + 1. Let x be a(1). Let w = 33 - x. What are the prime factors of w?
3, 11
Suppose 5*w + 0*w = 15, -3*n = -3*w + 24. Let j = 8 + n. Suppose j*u - 14 = 13. What are the prime factors of u?
3
Let u(z) = 3*z**2 - z + 2. Suppose -5*f = -3*a - 2*a - 15, 5*f - 29 = -2*a. Let y be u(a). Suppose 4*s = -0*s + y. What are the prime factors of s?
3
Let j(b) = -b + 1. Let t be j(-2). Suppose 0 = -8*y + t*y + 145. Suppose -4*i + y + 15 = 0. What are the prime factors of i?
11
Let i(y) = 3*y**3 + 2*y**2 - 1. List the prime factors of i(2).
31
Let o be -1 + (-1)/((-3)/(-78)). Let h = 38 + o. Suppose s + 2*s - y = 33, -3*y - h = -s. What are the prime factors of s?
11
Let q(y) = -2*y**2 - 44*y + 14. What are the prime factors of q(-18)?
2, 79
Let q(o) = o - 1. Let p(s) = -4*s + 14. Let x(f) = p(f) + 3*q(f). What are the prime factors of x(5)?
2, 3
Suppose 2*b + 308 = 5*v, 0*v - 3*v = -5*b - 181. What are the prime factors of v?
2, 31
Let j(a) = -a**3 + 10*a**2 - 7*a - 9. Suppose -20 = -3*f + 13. Let v be f*1 + (-6)/3. List the prime factors of j(v).
3
Suppose 2*y - 84 + 2 = 0. List the prime factors of y.
41
Let i = 2 + 0. Suppose 5*d = i*d + 27. What are the prime factors of d?
3
Suppose 0 = -5*c + c + 2*w + 218, -c = -w - 55. What are the prime factors of c?
2, 3
Suppose 3*r + 297 = 2*q, -q - r - 48 + 184 = 0. What are the prime factors of q?
3, 47
Suppose -a + 2 = 18. Let l = a - -26. What are the prime factors of l?
2, 5
Let j(b) = -4*b + 7. List the prime factors of j(-24).
103
Let n be ((-2)/5)/(10/(-50)). Let w(g) = 10*g + 3*g**3 + 8*g**n + 7 - 5*g**3 + 0*g**3 + 3*g**3. List the prime factors of w(-6).
19
Let t(g) = g**2 + 7*g + 1. What are the prime factors of t(-10)?
31
Let i = 73 - 44. What are the prime factors of i?
29
Let r = -94 + 280. Let g be (-6)/(-8) + r/8. Suppose 24 = 2*m - 4*x, -x + 0*x = 2*m - g. List the prime factors of m.
2, 3
Let i = 16 - -50. What are the prime factors of i?
2, 3, 11
Let b(o) = o**3 + o**2. Let y be b(0). Let c be (y - (2 + -1))*-1. Suppose -r = -7 + c. List the prime factors of r.
2, 3
Let d(u) = -3*u - 5. Let y(h) = h - 3. Suppose 3*j = -2 - 7. Let v be y(j). What are th